*k**2 + 8*k + 4. Suppose 3*v + 3*a = 6, 0*a + 3*a + 42 = 5*v. What is the tens digit of z(v)?
1
Suppose -4*a + c + c - 20 = 0, c = 4*a + 20. Let g be a/(-5) + (-1 - -1). Let b(l) = 12*l**3 + l**2 - l. What is the units digit of b(g)?
2
Let w(g) = 4*g**2 + 2*g - 6. Let f(z) = z**2 - 1. Let v(m) = 5*f(m) - w(m). What is the units digit of v(4)?
9
Suppose 4*f = 2*f + 32. Let k be (84/(-16))/((-6)/f). What is the tens digit of (-4)/k - 186/(-14)?
1
Suppose 2 = -2*w - 10. Let z = w + 7. What is the units digit of z?
1
Let t(z) = -z**2 - 14*z - 3. What is the tens digit of t(-9)?
4
Suppose b - 4*z - 8 = 0, 2*z + 10 = -4*b - 3*z. Suppose 5*f - 7 = 5*x + 43, 2*f + 2*x - 4 = b. What is the units digit of f?
6
Let n = 11 + -8. Let m = 71 - 69. What is the units digit of n + -4 + (9 - m)?
6
Suppose l = 4*t + 3 - 15, 12 = 4*t - 3*l. Let o(g) = 8*g - 7. What is the tens digit of o(t)?
1
Let o = 238 - 75. What is the tens digit of o?
6
Suppose 0 = -2*b - 4*z + 14, -4*z - 31 - 7 = -2*b. Let i = b - -10. What is the tens digit of i?
2
Suppose -3*m + 7*m = 2*h - 4, 2*h = 2*m + 6. What is the tens digit of (1/2)/(m/20)?
1
Suppose -2*t + 4*l = -t - 110, 5*t = l + 626. What is the units digit of t?
6
Let z(x) = 11*x**3 + 2*x**2 - x**3 + 5*x**3 - x. Let u be z(1). Suppose 4*o = 3*l - u - 17, 44 = 4*l + o. What is the tens digit of l?
1
Let k(m) = -m**2 - 8*m - 3. Let c be k(-8). Let j = c + 10. What is the units digit of j?
7
Suppose -3*w + 3 = 4*o - 7*o, -9 = -4*w - o. What is the units digit of w?
2
Suppose 5*h + 7 - 32 = 0. Let a be 3/6 - (-81)/6. Suppose -p + 2 = 0, 5*c - a = 3*p + h. What is the units digit of c?
5
Let p be 2*(-1)/3*-6. Suppose h + h = 2*w - 12, p = 4*h. What is the units digit of w?
7
What is the tens digit of ((-9)/18)/(1/(-96))?
4
Let h = -2 + -3. Suppose z - 45 = -2*z. Let r = h + z. What is the units digit of r?
0
Let a(n) be the first derivative of n**4/12 + 5*n**3/6 + 4*n**2 + n - 2. Let r(v) be the first derivative of a(v). What is the units digit of r(-6)?
4
What is the tens digit of -1*(-1 + (-268)/4)?
6
Let x(l) = l. Let c be x(4). Let v(y) = y**2 - 4*y + 3. Let k be v(c). Suppose -21 = -4*i - 4*o + 11, -k*i + 12 = -3*o. What is the units digit of i?
6
Let g(y) = 3*y**2 - y - 9. What is the tens digit of g(4)?
3
Suppose 12*v - 744 = 108. What is the tens digit of v?
7
Suppose -y + 129 = 5*i, -i + 2*i - 5 = 5*y. Suppose -4*k - 5 = 5*x, -4*x = -2*x - 3*k + i. What is the units digit of 44/10 - (-2)/x?
4
Suppose -i - 4*d = -15, 2*d = 3*i - d - 75. What is the units digit of i?
3
Suppose 4*c - 40 = -4*w, 3*w - 3*c - 32 = 10. Suppose -6*u - 4*g = -2*u - 8, -g - 1 = 2*u. What is the units digit of w/10 - u/(-15)?
1
Let a(d) = -d - 4. Let f be a(-2). Let h be -1 - (-18)/(4 + f). Suppose -n + h = n. What is the units digit of n?
4
Let r(k) = k - 2. What is the units digit of r(9)?
7
Suppose 0 = 5*a - 10, 2*m + 4*a = -2*m + 104. Let t = m + -11. What is the units digit of t?
3
Let c(x) = 29*x**2 - x + 2. Let n be c(-2). Suppose -n = -4*h - h. What is the tens digit of h?
2
Let n be 1/(28/(-10) - -3). Suppose -5*m = 4*f - 45, -n*f - m + 42 = -2*f. What is the tens digit of f?
1
Let v = 0 + 8. Let y(z) = z**2 - 7*z - 4. Let g be y(v). What is the tens digit of (-12)/g + 1 + 16?
1
Let b(k) = -58*k**3 - 2*k**2 + 1. Let p be b(-1). Let v = -37 + p. Suppose 45 = 3*o - 3*i, -7*i = -2*i + v. What is the tens digit of o?
1
Let p(j) = 12*j**2 - 1. Let v(m) = -25*m**2 + 3. Let z(b) = 5*p(b) + 2*v(b). What is the units digit of z(-1)?
1
Let i(t) = t**2 + 3*t - 1. Let o be i(-4). Suppose 3*x = 2*y - 3 + 2, o*x - 34 = -5*y. What is the units digit of y?
5
Let n(r) be the first derivative of -r**3/3 + 3*r**2 + 12*r - 4. Let g(t) = t**2 - 6*t - 11. Let f(l) = 4*g(l) + 3*n(l). What is the units digit of f(8)?
8
Let r = 5 + -26. Let a = r + 29. What is the units digit of a?
8
Let l(a) = -20*a**2 - 33*a - 1. Let h(x) = 7*x**2 + 11*x. Let k(r) = 17*h(r) + 6*l(r). What is the units digit of k(-10)?
4
Suppose -3*j = -2*j - 23. What is the units digit of j?
3
Let g(z) = 2*z**3 - 3*z**2 - z**3 + 6*z**2 + 2*z. Let a be g(-2). Suppose a = 5*v - 6 - 4. What is the units digit of v?
2
Suppose 0 = -5*i + 7*i - 4. Suppose 4*c + i*o = -0*c + 92, 0 = 4*c - 3*o - 72. What is the tens digit of c?
2
Suppose -3*s + 200 = 74. What is the tens digit of s?
4
Suppose 4*d + 0*d = 0. Suppose -2 = -q, d = 4*j - 4*q - 14 - 58. What is the units digit of j?
0
Suppose 0*v = -v + 39. What is the units digit of v?
9
Suppose -26*w + 30*w - 892 = 0. What is the units digit of w?
3
What is the units digit of 3/2*(-190)/(-15)?
9
Let h(a) = 2*a + 4*a - 3*a - 2*a - 4. Let v be h(5). Suppose 0 = 5*s - 4 - v. What is the units digit of s?
1
Suppose -5 = 2*c - k, c = -3*k + 8*k - 25. Suppose 0 = -c*l + 4*l - 8. Let g = 5 + l. What is the units digit of g?
7
What is the hundreds digit of (163 - 10) + -2 + 0?
1
Let r(h) = 2*h**2 - 1 + 0 + h**2 - 2*h**2 - 3*h. Let z be r(4). Suppose 3*a - 4*o = -2*a + 38, 0 = -z*a + o + 20. What is the units digit of a?
6
Suppose 2*u - 36 = 4*b + 10, 5*u - 115 = 4*b. What is the units digit of u?
3
Let w(j) = -j**2 - 6*j - 2. Let i be w(-5). Suppose k = -3*h + 58, -i*k + 4*k - 2*h - 33 = 0. What is the units digit of k?
3
Let p(g) = 7*g**2 - 4*g + g**3 - 4*g**2 - 1 + 0*g**2. Let i be -2 + -3 + 2/1. What is the tens digit of p(i)?
1
Suppose -z - 84 = -3*z. What is the tens digit of z?
4
Let y(j) = j**2. Let r be y(0). Suppose -a + 4*i + 6 = -4, -5*a + i - 26 = r. Let s = 20 + a. What is the units digit of s?
4
Let c(x) = 4*x**2 - 9*x - 10. Let w(y) = -5*y**2 + 10*y + 11. Let q(h) = -6*c(h) - 5*w(h). What is the units digit of q(-5)?
0
Let k(d) = -3*d - 11. What is the tens digit of k(-15)?
3
Suppose 0 = -y + 4*y + u - 15, -5 = y - 3*u. Let m be 9/(-9)*(0 + 5). What is the units digit of m/(-10) - (-30)/y?
8
Suppose -2*a - a + 9 = 0. What is the units digit of 1*(a + (-2 - 0))?
1
Suppose 2*u = 5*d - 25, 0 = -3*d - 2*u + 8 + 7. Suppose 27 = d*i - 48. What is the tens digit of i?
1
Suppose -3*p = 3*m + 21, -m = -0*m + 5*p - 5. Let c = -7 - m. What is the units digit of c?
3
Let k = -70 + 37. What is the units digit of (k/12)/((-2)/8)?
1
Suppose 3*p = -q + 74 + 169, -5*p = 5*q - 405. What is the units digit of p?
1
Let q(h) = -5 - 2*h**2 - 3*h - h + 0*h - h**3 - 2*h**2. What is the units digit of q(-4)?
1
Suppose 0 = d + 5, 3*i + 8 + 10 = -3*d. Let m be (1/2)/i*-10. Suppose 2*q - 3 - m = 0. What is the units digit of q?
4
What is the units digit of (50/14 + -4)*-7?
3
Suppose -3*g - 21 = g + 5*j, 2*j = -10. Let i be g + -1 - -1*2. What is the units digit of -6*i/(2*-1)?
6
Suppose 6*p = -2*g + 2*p + 198, -3*p = -4*g + 385. What is the tens digit of g?
9
Let h(v) = -v**2 - 14*v - 8. Let x(k) = -k**3 + 6*k**2 - 6*k. Let t be x(5). What is the tens digit of h(t)?
3
Suppose 0 = 2*g - 4*g + 6. What is the tens digit of -2*g/12*-54?
2
What is the tens digit of (-5)/20 - (-1346)/8?
6
Let h(i) = -i**2 - 5*i + 8. Let y be h(-6). Suppose -z = 3*d + 5 + 4, -10 = y*z + 4*d. What is the units digit of z?
3
Let t = -21 - -9. Let l = 21 + t. What is the units digit of l?
9
Let l(x) = 6*x - 5 + 3 + 4*x + 1. What is the units digit of l(1)?
9
Let h = -20 + 39. Let g = 31 - h. Suppose -5*c + g = -23. What is the units digit of c?
7
Let g = 9 + -8. Suppose 5*l - g = 19. Let n = 12 - l. What is the units digit of n?
8
Suppose 4*j = 515 + 557. What is the units digit of j?
8
Let n = -114 + 163. What is the tens digit of n?
4
What is the tens digit of (2096/24)/(4/12)?
6
Suppose -5*s - 12 = -s. Let m be 6 + s - (0 - 0). Suppose -m*t - 32 = -2*x, 4*t + 4 = 2*x + 8*t. What is the tens digit of x?
1
Suppose -7*w = -9*w + 330. What is the tens digit of w?
6
Let v be -7*(4 - (4 + 2)). What is the tens digit of (1/(-2))/(v/(-476))?
1
Suppose 0 = 5*q - b - 7, 6 = 5*b - 3*b. Suppose 2*f + 3 - q = -3*t, -4*f + 5 = -t. What is the units digit of f?
1
Let o = -2 + 2. Let p(v) = v**2 + v + 13. What is the units digit of p(o)?
3
Let t(c) = -44*c**3 + c**2 + c. What is the tens digit of t(-1)?
4
Suppose 4*w - 616 = -0*w. What is the tens digit of w?
5
Suppose -18 - 21 = -3*z. Suppose 3*p + 3*w - 6 = 0, -5*p + 0*p - 2*w = -z. What is the units digit of p?
3
What is the tens digit of (-6 - -12)*26/12?
1
L